556?
2, 3, 107
List the prime factors of 39857.
39857
List the prime factors of 2317.
7, 331
List the prime factors of 477.
3, 53
What are the prime factors of 638?
2, 11, 29
What are the prime factors of 1376?
2, 43
List the prime factors of 37008.
2, 3, 257
List the prime factors of 37954.
2, 7, 2711
What are the prime factors of 823?
823
List the prime factors of 2553.
3, 23, 37
What are the prime factors of 571?
571
List the prime factors of 9433.
9433
What are the prime factors of 2678?
2, 13, 103
What are the prime factors of 1721?
1721
List the prime factors of 32178.
2, 3, 31, 173
List the prime factors of 964.
2, 241
List the prime factors of 925.
5, 37
What are the prime factors of 431?
431
What are the prime factors of 645?
3, 5, 43
List the prime factors of 832.
2, 13
List the prime factors of 369.
3, 41
List the prime factors of 18571.
7, 379
What are the prime factors of 15817?
15817
What are the prime factors of 17282?
2, 8641
What are the prime factors of 672?
2, 3, 7
What are the prime factors of 96?
2, 3
What are the prime factors of 91993?
11, 8363
List the prime factors of 41432.
2, 5179
What are the prime factors of 6833?
6833
List the prime factors of 67916.
2, 16979
List the prime factors of 6662.
2, 3331
What are the prime factors of 3129?
3, 7, 149
List the prime factors of 25897.
19, 29, 47
What are the prime factors of 2255?
5, 11, 41
List the prime factors of 4097.
17, 241
List the prime factors of 6029.
6029
What are the prime factors of 18051?
3, 11, 547
List the prime factors of 685.
5, 137
What are the prime factors of 660?
2, 3, 5, 11
List the prime factors of 23718.
2, 3, 59, 67
What are the prime factors of 668?
2, 167
List the prime factors of 8579.
23, 373
List the prime factors of 2014.
2, 19, 53
What are the prime factors of 67339?
67339
What are the prime factors of 4378?
2, 11, 199
What are the prime factors of 9948?
2, 3, 829
List the prime factors of 1947.
3, 11, 59
What are the prime factors of 70685?
5, 67, 211
What are the prime factors of 266?
2, 7, 19
List the prime factors of 37194.
2, 3, 6199
List the prime factors of 5491.
17, 19
What are the prime factors of 2249?
13, 173
List the prime factors of 13864.
2, 1733
What are the prime factors of 3074?
2, 29, 53
List the prime factors of 32.
2
List the prime factors of 22977.
3, 23, 37
What are the prime factors of 466?
2, 233
List the prime factors of 785.
5, 157
List the prime factors of 102665.
5, 20533
What are the prime factors of 73234?
2, 7, 5231
List the prime factors of 56844.
2, 3, 1579
What are the prime factors of 10089?
3, 19, 59
List the prime factors of 3917.
3917
List the prime factors of 4677.
3, 1559
What are the prime factors of 3913?
7, 13, 43
List the prime factors of 29069.
41, 709
What are the prime factors of 1817?
23, 79
List the prime factors of 23285.
5, 4657
What are the prime factors of 2192?
2, 137
List the prime factors of 2626.
2, 13, 101
List the prime factors of 22889.
47, 487
List the prime factors of 11910.
2, 3, 5, 397
List the prime factors of 16877.
7, 2411
List the prime factors of 63033.
3, 21011
List the prime factors of 18904.
2, 17, 139
List the prime factors of 14415.
3, 5, 31
What are the prime factors of 812?
2, 7, 29
What are the prime factors of 644?
2, 7, 23
What are the prime factors of 26498?
2, 13249
What are the prime factors of 72626?
2, 36313
List the prime factors of 1044.
2, 3, 29
What are the prime factors of 4205?
5, 29
What are the prime factors of 6476?
2, 1619
What are the prime factors of 80350?
2, 5, 1607
List the prime factors of 397.
397
What are the prime factors of 1276?
2, 11, 29
List the prime factors of 26080.
2, 5, 163
List the prime factors of 19512.
2, 3, 271
List the prime factors of 2138.
2, 1069
What are the prime factors of 685?
5, 137
What are the prime factors of 77311?
13, 19, 313
List the prime factors of 58918.
2, 89, 331
What are the prime factors of 22035?
3, 5, 13, 113
List the prime factors of 28784.
2, 7, 257
List the prime factors of 2367.
3, 263
What are the prime factors of 3857?
7, 19, 29
What are the prime factors of 3834?
2, 3, 71
What are the prime factors of 4187?
53, 79
What are the prime factors of 49223?
49223
List the prime factors of 14070.
2, 3, 5, 7, 67
What are the prime factors of 10295?
5, 29, 71
List the prime factors of 1048.
2, 131
What are the prime factors of 31675?
5, 7, 181
What are the prime factors of 24156?
2, 3, 11, 61
List the prime factors of 1104.
2, 3, 23
What are the prime factors of 12935?
5, 13, 199
List the prime factors of 661.
661
List the prime factors of 5692.
2, 1423
What are the prime factors of 11711?
7, 239
List the prime factors of 137042.
2, 68521
List the prime factors of 63473.
63473
What are the prime factors of 1309?
7, 11, 17
What are the prime factors of 6471?
3, 719
List the prime factors of 2808.
2, 3, 13
List the prime factors of 2380.
2, 5, 7, 17
List the prime factors of 11876.
2, 2969
What are the prime factors of 995?
5, 199
What are the prime factors of 813?
3, 271
What are the prime factors of 5245?
5, 1049
What are the prime factors of 2785?
5, 557
List the prime factors of 68039.
19, 3581
What are the prime factors of 9826?
2, 17
What are the prime factors of 54558?
2, 3, 7, 433
List the prime factors of 42849.
3, 23
List the prime factors of 162.
2, 3
What are the prime factors of 58400?
2, 5, 73
What are the prime factors of 8184?
2, 3, 11, 31
What are the prime factors of 40125?
3, 5, 107
List the prime factors of 30719.
13, 17, 139
List the prime factors of 3088.
2, 193
What are the prime factors of 7780?
2, 5, 389
What are the prime factors of 2471?
7, 353
What are the prime factors of 53?
53
List the prime factors of 33768.
2, 3, 7, 67
List the prime factors of 568.
2, 71
What are the prime factors of 374?
2, 11, 17
List the prime factors of 570.
2, 3, 5, 19
List the prime factors of 73.
73
What are the prime factors of 1718?
2, 859
List the prime factors of 4404.
2, 3, 367
What are the prime factors of 2564?
2, 641
List the prime factors of 139769.
7, 41, 487
List the prime factors of 16503.
3, 5501
What are the prime factors of 243?
3
What are the prime factors of 21782?
2, 10891
What are the prime factors of 6899?
6899
What are the prime factors of 1937?
13, 149
What are the prime factors of 52771?
113, 467
List the prime factors of 6775.
5, 271
What are the prime factors of 7431?
3, 2477
What are the prime factors of 56628?
2, 3, 11, 13
List the prime factors of 5114.
2, 2557
What are the prime factors of 15154?
2, 7577
What are the prime factors of 2463?
3, 821
What are the prime factors of 503?
503
List the prime factors of 87807.
3, 29269
List the prime factors of 105819.
3, 7, 5039
What are the prime factors of 2130?
2, 3, 5, 71
What are the prime factors of 873?
3, 97
What are the prime factors of 18043?
18043
What are the prime factors of 9076?
2, 2269
What are the prime factors of 9602?
2, 4801
List the prime factors of 6384.
2, 3, 7, 19
List the prime factors of 1799.
7, 257
List the prime factors of 1554.
2, 3, 7, 37
List the prime factors of 8104.
2, 1013
List the prime factors of 25235.
5, 7, 103
List the prime factors of 191926.
2, 7, 13709
List the prime factors of 1040.
2, 5, 13
What are the prime factors of 19266?
2, 3, 13, 19
What are the prime factors of 18161?
11, 13, 127
What are the prime factors of 21224?
2, 7, 379
What are the prime factors of 50878?
2, 25439
What are the prime factors of 7400?
2, 5, 37
What are the prime factors of 80203?
139, 577
What are the prime factors of 15704?
2, 13, 151
List the prime factors of 1806.
2, 3, 7, 43
What are the prime factors of 1858?
2, 929
List the prime factors of 13612.
2, 41, 83
List the prime factors of 1860.
2, 3, 5, 31
List the prime factors of 1273.
19, 67
What are the prime factors of 2593?
2593
What are the prime factors of 14030?
2, 5, 23, 61
List the prime factors of 7312.
2, 457
What are the prime factors of 1623?
3, 541
List the prime factors of 14314.
2, 17, 421
What are the prime factors of 8326?
2, 23, 181
List the prime factors of 1756.
2, 439
What are the prime factors of 12142?
2, 13, 467
List the prime factors of 50636.
2, 12659
What are the prime factors of 6045?
3, 5, 13, 31
List the prime factors 